 25?
True
Does 46 divide 5288338?
False
Is 8 a factor of 223777448?
True
Does 738 divide 32215176?
True
Is 1149 a factor of 230903040?
True
Does 155 divide 1242478816?
False
Does 91 divide 15299648?
True
Is 893358854 a multiple of 110?
False
Is 95 a factor of 1564066?
False
Does 49 divide 51195641?
True
Is 72128326 a multiple of 59?
True
Does 28 divide 7948528?
True
Is 14 a factor of 59906546?
True
Is 4920188 a multiple of 5?
False
Is 278765673 a multiple of 13?
False
Does 12 divide 5669006?
False
Is 73555359 a multiple of 137?
False
Is 78317910 a multiple of 1137?
False
Does 649 divide 127583016?
True
Is 57809588 a multiple of 68?
True
Is 135744604 a multiple of 1158?
False
Is 297472239 a multiple of 17?
True
Does 1529 divide 33527912?
True
Does 14 divide 4222631868?
True
Is 133986064 a multiple of 50?
False
Is 4 a factor of 629434060?
True
Is 3611139129 a multiple of 39?
True
Is 2221731102 a multiple of 4175?
False
Does 2248 divide 612258547?
False
Is 2933976771 a multiple of 9713?
True
Is 1038 a factor of 220760802?
True
Is 27 a factor of 30646415?
False
Does 27 divide 225407866?
False
Is 34876850 a multiple of 14?
False
Does 2958 divide 516961058?
False
Is 1118430441 a multiple of 9?
True
Is 2567420947 a multiple of 45?
False
Is 11383050 a multiple of 210?
True
Is 188 a factor of 16305545?
False
Is 426 a factor of 12356556?
True
Is 4738415 a multiple of 108?
False
Is 52332075 a multiple of 405?
True
Does 375 divide 146239875?
True
Does 250 divide 24732073?
False
Does 1135 divide 133816636?
False
Is 380925746 a multiple of 40?
False
Is 1552 a factor of 25765615?
False
Is 1636 a factor of 69817936?
True
Is 10660903 a multiple of 4?
False
Does 83 divide 7202408?
True
Is 72023040 a multiple of 1042?
True
Is 161 a factor of 181958226?
False
Does 435 divide 299654544?
False
Is 33 a factor of 511285533?
True
Is 8 a factor of 120499134?
False
Does 690 divide 532320202?
False
Does 3512 divide 6437977144?
True
Is 170172890 a multiple of 85?
True
Is 1132538 a multiple of 24?
False
Is 2640336510 a multiple of 2226?
True
Is 17 a factor of 80904751?
True
Is 1111 a factor of 3193963905?
True
Does 208 divide 11191648?
True
Does 76 divide 61989552?
True
Does 23 divide 165792901?
True
Does 13 divide 710029009?
False
Is 32 a factor of 106164833?
False
Does 70 divide 158771830?
True
Is 6041374 a multiple of 108?
False
Does 41 divide 377073365?
False
Is 25 a factor of 168642100?
True
Is 50 a factor of 15153400?
True
Is 3 a factor of 7250514?
True
Is 32 a factor of 186973920?
True
Is 382997875 a multiple of 689?
True
Does 1072 divide 1183010960?
True
Does 270 divide 289852061?
False
Does 4154 divide 111798918?
False
Is 14741584 a multiple of 221?
True
Is 14374089 a multiple of 57?
True
Does 10 divide 417682530?
True
Is 184991170 a multiple of 49?
True
Does 267 divide 14589346?
False
Is 205345074 a multiple of 102?
True
Is 45608048 a multiple of 376?
True
Is 105 a factor of 101657323?
False
Is 302 a factor of 619961607?
False
Is 3852 a factor of 409968360?
True
Is 426643 a multiple of 98?
False
Is 45 a factor of 51410666?
False
Is 100 a factor of 37094581?
False
Is 3349500 a multiple of 11?
True
Is 3515 a factor of 122785980?
True
Does 13 divide 43531009?
False
Does 477 divide 31294539?
True
Is 329 a factor of 1313556517?
True
Is 682 a factor of 1729053033?
False
Does 7 divide 31383527?
True
Is 97853632 a multiple of 32?
True
Does 17 divide 171294161?
False
Does 53 divide 207620445?
False
Is 8 a factor of 68416330?
False
Is 6 a factor of 5112950?
False
Is 352 a factor of 248516605?
False
Is 7220 a factor of 158694233?
False
Is 63081001 a multiple of 1271?
True
Is 9 a factor of 1267014141?
True
Is 548514248 a multiple of 34?
True
Does 4 divide 12778644?
True
Is 5158 a factor of 1495293884?
True
Does 59 divide 3459052?
True
Is 16 a factor of 2252312720?
True
Is 5190353 a multiple of 15?
False
Is 204 a factor of 79598352?
True
Does 8 divide 22590520?
True
Does 3 divide 355661913?
True
Is 34255512 a multiple of 24?
True
Does 124 divide 185216444?
True
Is 45162744 a multiple of 986?
True
Does 9 divide 9251003?
False
Is 280833727 a multiple of 2115?
False
Is 79 a factor of 4702314235?
True
Is 22370010 a multiple of 1399?
True
Is 1432 a factor of 222876480?
True
Is 43957640 a multiple of 85?
False
Does 853 divide 106419427?
True
Does 28 divide 1391371472?
False
Does 2 divide 55665897?
False
Does 16 divide 6251813792?
True
Does 579 divide 74613414?
True
Is 757 a factor of 9749403?
True
Is 11 a factor of 73706321?
False
Is 18 a factor of 386070677?
False
Is 103712402 a multiple of 1991?
False
Is 37054193 a multiple of 441?
False
Does 321 divide 9772845?
True
Is 38 a factor of 1211823255?
False
Does 919 divide 49619567?
True
Is 110234046 a multiple of 754?
True
Does 50 divide 350715400?
True
Is 13743299 a multiple of 54?
False
Does 21 divide 358545775?
False
Is 4 a factor of 343961223?
False
Does 907 divide 2352568596?
False
Does 10 divide 19224971?
False
Is 33 a factor of 39499414?
False
Is 558 a factor of 35759430?
True
Is 1165146789 a multiple of 139?
True
Is 380 a factor of 4413234072?
False
Is 302867287 a multiple of 143?
False
Does 1615 divide 54512710?
True
Is 32831312 a multiple of 30?
False
Is 4348974 a multiple of 7?
True
Is 5414500 a multiple of 442?
True
Is 14 a factor of 26898536?
True
Does 4 divide 178480371?
False
Is 1395 a factor of 111329320?
False
Is 582155758 a multiple of 31?
True
Is 1424 a factor of 137899467?
False
Does 79 divide 240056285?
False
Is 1294 a factor of 49781474?
True
Does 6 divide 24084336?
True
Does 211 divide 1070728?
False
Does 534 divide 19628238?
True
Is 35299591 a multiple of 37?
True
Is 21318297 a multiple of 93?
True
Is 10 a factor of 73175280?
True
Does 16 divide 28515920?
True
Does 23 divide 21216645?
False
Is 5477150 a multiple of 2?
True
Is 31016128 a multiple of 347?
False
Does 8 divide 84915064?
True
Is 125 a factor of 246686114?
False
Does 60 divide 115239165?
False
Is 407587194 a multiple of 441?
True
Does 821 divide 20093154?
True
Does 35 divide 79679635?
True
Is 223 a factor of 20282765?
False
Is 25182208 a multiple of 12?
False
Is 450777135 a multiple of 25?
False
Is 140 a factor of 1424891?
False
Is 43440046 a multiple of 446?
False
Is 547 a factor of 3540760004?
False
Does 80 divide 297830864?
False
Does 427 divide 241962966?
True
Is 7855259973 a multiple of 3223?
True
Does 87 divide 161541687?
True
Does 105 divide 129166170?
True
Is 54 a factor of 65957124?
False
Is 1089 a factor of 505800386?
False
Is 3396 a factor of 139059724?
False
Is 502 a factor of 29531687?
False
Is 3001557870 a multiple of 18?
True
Is 495781177 a multiple of 1295?
False
Is 1128 a factor of 119489040?
True
Is 497495396 a multiple of 24?
False
Does 2732 divide 94641944?
True
Is 12576553 a multiple of 4415?
False
Is 2162916 a multiple of 18?
True
Is 1555 a factor of 6424574245?
True
Does 7625 divide 511454500?
True
Is 44464341 a multiple of 361?
False
Is 380 a factor of 9330228?
False
Does 3 divide 25521817?
False
Does 3 divide 27178461?
True
Is 65 a factor of 100896185?
True
Is 2144 a factor of 71778976?
True
Is 217 a factor of 69179817?
True
Is 553 a factor of 38672949?
True
Is 13364608 a multiple of 128?
True
Does 1146 divide 1783378467?
False
Is 321966106 a multiple of 154?
True
Is 7130900 a multiple of 334?
True
Is 112914656 a multiple of 2848?
True
Does 262 divide 2913521220?
True
Does 9 divide 72949208?
False
Is 23 a factor of 776922511?
False
Is 54 a factor of 8057507?
False
Does 861 divide 92831593?
False
Does 14 divide 58551850?
True
Is 780710818 a multiple of 122?
True
Is 121 a factor of 11363164?
False
Does 139 divide 264153901?
False
Is 606 a factor of 8905628?
False
Is 6286207920 a multiple of 12?
True
Does 59 divide 261112999?
False
Is 15 a factor of 15299505?
True
Is 33 a factor of 45927783?
True
Is 31457660 a multiple of 164?
True
Is 304030703 a multiple of 1681?
True
Is 4605 a factor of 863336190?
True
Is 255275716 a multiple of 5?
False
Is 59 a factor of 240572323?
True
Is 203991298 a multiple of 521?
True
Is 6575647 a multiple of 354?
False
Does 37 divide 904197157?
True
Does 105 divide 794500665?
True
Does 545 divide 2208184581?
False
Is 5725 a factor of 2990213300?
True
Is 2544392407 a multiple of 24?
False
Is 147373